{"id":110,"date":"2021-04-05T14:56:35","date_gmt":"2021-04-05T14:56:35","guid":{"rendered":"https:\/\/nordicdesign.fi\/?page_id=110"},"modified":"2025-11-01T16:51:33","modified_gmt":"2025-11-01T14:51:33","slug":"yhteistyossa","status":"publish","type":"page","link":"https:\/\/nordicdesign.fi\/?page_id=110","title":{"rendered":"J\u00c4LLEENMYYJ\u00c4T"},"content":{"rendered":"\n<p>J\u00e4lleenmyyji\u00e4mme Suomessa. Jos olet kiinnostunut yhteisty\u00f6st\u00e4, niin olethan rohkeasti yhteydess\u00e4!<\/p>\n\n\n\n<p>Ihana Kukkanen<\/p>\n\n\n\n<p>Little Bouquet Factory<\/p>\n\n\n\n<p>Taito Pohjois-Karjala<\/p>\n\n\n\n<p>Papershop<\/p>\n\n\n\n<p>K-Market Roba<\/p>\n\n\n\n<p>Kulosaaren Kukka<\/p>\n\n\n\n<p>L\u00e4hderannan Kukka<\/p>\n\n\n\n<p>Butik WillaM<\/p>\n\n\n\n<p>Rusettia<\/p>\n\n\n\n<p>Ajantasku<\/p>\n\n\n\n<p>Kukka Fiori<\/p>\n\n\n\n<p>Sisustusliike K&amp;K<\/p>\n\n\n\n<p>Kaisan Kukka<\/p>\n\n\n\n<p>Alasj\u00e4rven Kukka<\/p>\n\n\n\n<p>K-supermarket Aurora<\/p>\n\n\n\n<p>Design Hill<\/p>\n\n\n\n<p>Kukkalikka<\/p>\n\n\n\n<p>Valoisa sisustus- ja lahjapuoti<\/p>\n\n\n\n<p>Pieni aarrekauppa<\/p>\n\n\n\n<p>Mijohome<\/p>\n\n\n\n<p>PuutarhaNikkarit<\/p>\n\n\n\n<p>Hortensia<\/p>\n\n\n\n<p>Blomsteraff\u00e4r Romantica<\/p>\n\n\n\n<p>Keh\u00e4kukka<\/p>\n\n\n\n<p>Loftet<\/p>\n\n\n\n<p>Uniikkitehdas<\/p>\n\n\n\n<p>Lillflora<\/p>\n\n\n\n<p>Helkk\u00e4 Dreams<\/p>\n\n\n\n<p>Kukkapaja Vuokko<\/p>\n\n\n\n<p>Kukkakauppa Kulllannuppu<\/p>\n\n\n\n<p>Tuijan Kukkis<\/p>\n\n\n\n<p>Pakilan Kukkatalo<\/p>\n\n\n\n<p>K-Market Laaksolahti<\/p>\n\n\n\n<p>Turusen Puutarha<\/p>\n\n\n\n<p>Vuosaaren Kukkaputiikki<\/p>\n\n\n\n<p>Kukkatalo Kosmos<\/p>\n\n\n\n<p>K-Supermarket L\u00e4hderanta<\/p>\n\n\n\n<p>Lintumets\u00e4n Kukkatalo<\/p>\n\n\n\n<p>Emil Olsson<\/p>\n\n\n\n<p>Mija Decor<\/p>\n\n\n\n<p>Tepposen Kukka ja Hautaustoimisto<\/p>\n\n\n\n<p>Crocus<\/p>\n\n\n\n<p>Kaivokukka Kaari<\/p>\n\n\n\n<p>Puistotie5, Lauttasaari<\/p>\n\n\n\n<p>Kukkakauppa Verso<\/p>\n\n\n\n<p>Puistotie5, Munkkinieni<\/p>\n\n\n\n<p>Jorvin Kukka ja Lahja<\/p>\n\n\n\n<p>Kirkkonummen Kukka ja Hautauspalvelu<\/p>\n\n\n\n<p>Kirkkonummen Kukka, Veikkola<\/p>\n\n\n\n<p>Kukka-M\u00f6kki Klaukkala<\/p>\n\n\n\n<p>Rosarium<\/p>\n\n\n\n<p>Ruusupuu Kouvola<\/p>\n\n\n\n<p>Nyberg<\/p>\n\n\n\n<p>Eevan Kukka<\/p>\n\n\n\n<p>Kukkahuone Verona<\/p>\n\n\n\n<p>Kukkakamari Elsi<\/p>\n\n\n\n<p>Sofiee<\/p>\n\n\n\n<p>Kukkakauppa Elrika<\/p>\n\n\n\n<p>Kukkakauppa Ukonhattu<\/p>\n\n\n\n<p>Kukkakauppa K\u00e4py-Kukka<\/p>\n\n\n\n<p>Kukkakauppa Karjalanneito<\/p>\n\n\n\n<p>Pieni Sisustuspuoti<\/p>\n\n\n\n<p>Donna&#8217;si (Pentik)<\/p>\n\n\n\n<p>Floranita<\/p>\n\n\n\n<p>Wanhan Myllyn Kukka<\/p>\n\n\n\n<p>Kaivokukka Dixi<\/p>\n\n\n\n<p>Iloinen Heppu<\/p>\n\n\n\n<p>Pihapihlaja<\/p>\n\n\n\n<p>Tulikukka<\/p>\n\n\n\n<p>Flowerest<\/p>\n\n\n\n<p>Harmonia Spa<\/p>\n\n\n\n<p>K\u00e4sinetori<\/p>\n\n\n\n<p>Kahvila Luovuus<\/p>\n\n\n\n<p>Kukkatalo Maritta<br><br>KukkaSaimaa<br><br>Kukkakauppa Desiree<br><br>Henriettas Blommor<\/p>\n\n\n\n<p>Pitk\u00e4sen Kukkakauppa<\/p>\n\n\n\n<p>Nyberg Joutseno<\/p>\n\n\n\n<p>Lepp\u00e4vaaran Kukka<\/p>\n\n\n\n<p>Kukka ja Sisustus Neilikka<\/p>\n\n\n\n<p>Sisustus Terva ja H\u00f6yhen<\/p>\n\n\n\n<p>Kikan kukka ja lahja<\/p>\n\n\n\n<p>Salon Kukka<\/p>\n\n\n\n<p>Torin kenk\u00e4<\/p>\n\n\n\n<p>Kukkahuone Meritorni<\/p>\n\n\n\n<p>Kaivokukka Sello<\/p>\n\n\n\n<p>Kukkakauppa Peikonk\u00e4mmen<\/p>\n\n\n\n<p>Ruusun taika kukkakauppa<\/p>\n\n\n\n<p>Delite Flowers &amp; Design<\/p>\n\n\n\n<p>Tervakosken Kukkakauppa<\/p>\n\n\n\n<p>Belinda Sisustus<\/p>\n\n\n\n<p>Giftala<\/p>\n\n\n\n<p>Tiinuska<\/p>\n\n\n\n<p>TOPPEN<\/p>\n\n\n\n<p>Hollyanna<\/p>\n\n\n\n<p>Puoti pihlajan varjossa<\/p>\n\n\n\n<p>Welmans<\/p>\n\n\n\n<p>Kukkapuoti 70 luvulla<\/p>\n\n\n\n<p>Kukkastudio Eelegia<\/p>\n\n\n\n<p><\/p>\n\n\n\n<p><\/p>\n\n\n\n<p><\/p>\n","protected":false},"excerpt":{"rendered":"<p>J\u00e4lleenmyyji\u00e4mme Suomessa. Jos olet kiinnostunut yhteisty\u00f6st\u00e4, niin olethan rohkeasti yhteydess\u00e4! Ihana Kukkanen Little Bouquet Factory Taito Pohjois-Karjala Papershop K-Market Roba Kulosaaren Kukka L\u00e4hderannan Kukka Butik WillaM Rusettia Ajantasku Kukka Fiori Sisustusliike K&amp;K Kaisan Kukka Alasj\u00e4rven Kukka K-supermarket Aurora Design Hill Kukkalikka Valoisa sisustus- ja lahjapuoti Pieni aarrekauppa Mijohome PuutarhaNikkarit Hortensia Blomsteraff\u00e4r Romantica Keh\u00e4kukka Loftet Uniikkitehdas &#8230; <a title=\"J\u00c4LLEENMYYJ\u00c4T\" class=\"read-more\" href=\"https:\/\/nordicdesign.fi\/?page_id=110\" aria-label=\"Read more about J\u00c4LLEENMYYJ\u00c4T\">Read more<\/a><\/p>\n","protected":false},"author":1,"featured_media":0,"parent":0,"menu_order":0,"comment_status":"closed","ping_status":"closed","template":"","meta":{"footnotes":""},"class_list":["post-110","page","type-page","status-publish"],"_links":{"self":[{"href":"https:\/\/nordicdesign.fi\/index.php?rest_route=\/wp\/v2\/pages\/110","targetHints":{"allow":["GET"]}}],"collection":[{"href":"https:\/\/nordicdesign.fi\/index.php?rest_route=\/wp\/v2\/pages"}],"about":[{"href":"https:\/\/nordicdesign.fi\/index.php?rest_route=\/wp\/v2\/types\/page"}],"author":[{"embeddable":true,"href":"https:\/\/nordicdesign.fi\/index.php?rest_route=\/wp\/v2\/users\/1"}],"replies":[{"embeddable":true,"href":"https:\/\/nordicdesign.fi\/index.php?rest_route=%2Fwp%2Fv2%2Fcomments&post=110"}],"version-history":[{"count":79,"href":"https:\/\/nordicdesign.fi\/index.php?rest_route=\/wp\/v2\/pages\/110\/revisions"}],"predecessor-version":[{"id":1803,"href":"https:\/\/nordicdesign.fi\/index.php?rest_route=\/wp\/v2\/pages\/110\/revisions\/1803"}],"wp:attachment":[{"href":"https:\/\/nordicdesign.fi\/index.php?rest_route=%2Fwp%2Fv2%2Fmedia&parent=110"}],"curies":[{"name":"wp","href":"https:\/\/api.w.org\/{rel}","templated":true}]}}