{"id":42,"date":"2021-04-05T11:45:03","date_gmt":"2021-04-05T11:45:03","guid":{"rendered":"https:\/\/nordicdesign.fi\/?page_id=42"},"modified":"2025-10-01T20:01:21","modified_gmt":"2025-10-01T18:01:21","slug":"yhteystiedot","status":"publish","type":"page","link":"https:\/\/nordicdesign.fi\/?page_id=42","title":{"rendered":"YRITYKSEST\u00c4"},"content":{"rendered":"\n<p><strong>ND Nordic Design on suomalainen yritys, mik\u00e4 on alkujaan perustettu innostuksesta pohjoismaista, kaunista ja modernia designia kohtaan.<\/strong><\/p>\n\n\n\n<p>Ajatus perustaa yritys syntyi asuessamme G\u00f6teborgissa Ruotsissa. Vuonna 2016 k\u00e4vimme paikallisessa pientuottajien myyntitapahtumassa, \u00c0 la London Designmarknad, G\u00f6teborgin Haga-nimisess\u00e4 kaupunginosassa. Tapahtumassa oli paljon erilaisia pienten toimijoiden tuotteita esill\u00e4 ja ostettavissa kuten tauluja, koruja, sisustustuotteita ja k\u00e4sit\u00f6it\u00e4. Huomio kiinnittyi myyntip\u00f6yt\u00e4\u00e4n, jossa oli erilaisia ja aivan upeita kukka- ja onnittelukortteja myynniss\u00e4. Myyj\u00e4n kanssa juteltuamme k\u00e4vikin esille, ett\u00e4 h\u00e4n oli taiteilija, joka oli suunnitellut kortit ja ne painettiin pieness\u00e4 painotalossa G\u00f6teborgin alueella. H\u00e4nell\u00e4 oli vain muutama j\u00e4lleenmyyj\u00e4 Ruotsissa mist\u00e4 kortteja sai ostaa. Keskustelu johti ajatukseen, ett\u00e4 miten saisimme n\u00e4it\u00e4 kauniita ja erilaisia tuotteita my\u00f6s Suomeen, ja siit\u00e4 kaikesta t\u00e4m\u00e4 yritys sai alkunsa. Joku upea ajatus ja asia voi saada alkunsa jostakin hyvin pienest\u00e4, sattuman ja kohtalon johdattamana.<\/p>\n\n\n\n<div class=\"wp-block-columns is-layout-flex wp-container-core-columns-is-layout-9d6595d7 wp-block-columns-is-layout-flex\">\n<div class=\"wp-block-column is-layout-flow wp-block-column-is-layout-flow\">\n<figure class=\"wp-block-image size-full\"><img loading=\"lazy\" decoding=\"async\" width=\"280\" height=\"339\" src=\"https:\/\/nordicdesign.fi\/wp-content\/uploads\/2022\/11\/Kuva1-4.jpg\" alt=\"\" class=\"wp-image-1439\" srcset=\"https:\/\/nordicdesign.fi\/wp-content\/uploads\/2022\/11\/Kuva1-4.jpg 280w, https:\/\/nordicdesign.fi\/wp-content\/uploads\/2022\/11\/Kuva1-4-248x300.jpg 248w\" sizes=\"auto, (max-width: 280px) 100vw, 280px\" \/><\/figure>\n<\/div>\n\n\n\n<div class=\"wp-block-column is-layout-flow wp-block-column-is-layout-flow\">\n<figure class=\"wp-block-image size-full is-resized\"><img loading=\"lazy\" decoding=\"async\" width=\"734\" height=\"553\" src=\"https:\/\/nordicdesign.fi\/wp-content\/uploads\/2022\/11\/Kuva2-4.jpg\" alt=\"\" class=\"wp-image-1440\" style=\"width:387px;height:291px\" srcset=\"https:\/\/nordicdesign.fi\/wp-content\/uploads\/2022\/11\/Kuva2-4.jpg 734w, https:\/\/nordicdesign.fi\/wp-content\/uploads\/2022\/11\/Kuva2-4-300x226.jpg 300w, https:\/\/nordicdesign.fi\/wp-content\/uploads\/2022\/11\/Kuva2-4-600x452.jpg 600w\" sizes=\"auto, (max-width: 734px) 100vw, 734px\" \/><\/figure>\n<\/div>\n<\/div>\n\n\n\n<p>Oman tuotevalikoimamme tuotteet suunnitellaan ja valmistetaan suomalaisten yhteisty\u00f6kumppaneiden kanssa. Meille on t\u00e4rke\u00e4\u00e4, ett\u00e4 tuotteet ovat k\u00e4yt\u00e4nn\u00f6llisi\u00e4 ja jokap\u00e4iv\u00e4iseen arkeen sopivia ymp\u00e4rist\u00f6asioita unohtamatta.<\/p>\n\n\n\n<p>Jos olet kiinnostunut tuotteidemme j\u00e4lleenmyynnist\u00e4 niin olethan rohkeasti yhteydess\u00e4, kerromme mielell\u00e4mme lis\u00e4\u00e4!<\/p>\n\n\n\n<p><strong>ND Nordic Design<\/strong><\/p>\n\n\n\n<p><\/p>\n\n\n\n<p><strong>Y-tunnus:<\/strong><br>2798145-1<\/p>\n\n\n\n<p><strong>S\u00e4hk\u00f6posti:<\/strong><br>info@nordicdesign.fi<\/p>\n\n\n\n<p><strong>Puhelin:<\/strong><br>040 &#8211; 4122 889<\/p>\n\n\n\n<p>www.nordicdesign.fi<br><a rel=\"noreferrer noopener\" href=\"https:\/\/z-p15.www.instagram.com\/nordicdesign.fi\/\" data-type=\"URL\" data-id=\"https:\/\/z-p15.www.instagram.com\/nordicdesign.fi\/\" target=\"_blank\">@nordicdesign.fi<\/a><\/p>\n\n\n\n<ul class=\"wp-block-social-links has-large-icon-size has-icon-color is-style-logos-only is-layout-flex wp-block-social-links-is-layout-flex\"><li style=\"color:#000000;\" class=\"wp-social-link wp-social-link-instagram has-black-color wp-block-social-link\"><a rel=\"noopener nofollow\" target=\"_blank\" href=\"https:\/\/z-p15.www.instagram.com\/nordicdesign.fi\/\" class=\"wp-block-social-link-anchor\"><svg width=\"24\" height=\"24\" viewBox=\"0 0 24 24\" version=\"1.1\" xmlns=\"http:\/\/www.w3.org\/2000\/svg\" aria-hidden=\"true\" focusable=\"false\"><path d=\"M12,4.622c2.403,0,2.688,0.009,3.637,0.052c0.877,0.04,1.354,0.187,1.671,0.31c0.42,0.163,0.72,0.358,1.035,0.673 c0.315,0.315,0.51,0.615,0.673,1.035c0.123,0.317,0.27,0.794,0.31,1.671c0.043,0.949,0.052,1.234,0.052,3.637 s-0.009,2.688-0.052,3.637c-0.04,0.877-0.187,1.354-0.31,1.671c-0.163,0.42-0.358,0.72-0.673,1.035 c-0.315,0.315-0.615,0.51-1.035,0.673c-0.317,0.123-0.794,0.27-1.671,0.31c-0.949,0.043-1.233,0.052-3.637,0.052 s-2.688-0.009-3.637-0.052c-0.877-0.04-1.354-0.187-1.671-0.31c-0.42-0.163-0.72-0.358-1.035-0.673 c-0.315-0.315-0.51-0.615-0.673-1.035c-0.123-0.317-0.27-0.794-0.31-1.671C4.631,14.688,4.622,14.403,4.622,12 s0.009-2.688,0.052-3.637c0.04-0.877,0.187-1.354,0.31-1.671c0.163-0.42,0.358-0.72,0.673-1.035 c0.315-0.315,0.615-0.51,1.035-0.673c0.317-0.123,0.794-0.27,1.671-0.31C9.312,4.631,9.597,4.622,12,4.622 M12,3 C9.556,3,9.249,3.01,8.289,3.054C7.331,3.098,6.677,3.25,6.105,3.472C5.513,3.702,5.011,4.01,4.511,4.511 c-0.5,0.5-0.808,1.002-1.038,1.594C3.25,6.677,3.098,7.331,3.054,8.289C3.01,9.249,3,9.556,3,12c0,2.444,0.01,2.751,0.054,3.711 c0.044,0.958,0.196,1.612,0.418,2.185c0.23,0.592,0.538,1.094,1.038,1.594c0.5,0.5,1.002,0.808,1.594,1.038 c0.572,0.222,1.227,0.375,2.185,0.418C9.249,20.99,9.556,21,12,21s2.751-0.01,3.711-0.054c0.958-0.044,1.612-0.196,2.185-0.418 c0.592-0.23,1.094-0.538,1.594-1.038c0.5-0.5,0.808-1.002,1.038-1.594c0.222-0.572,0.375-1.227,0.418-2.185 C20.99,14.751,21,14.444,21,12s-0.01-2.751-0.054-3.711c-0.044-0.958-0.196-1.612-0.418-2.185c-0.23-0.592-0.538-1.094-1.038-1.594 c-0.5-0.5-1.002-0.808-1.594-1.038c-0.572-0.222-1.227-0.375-2.185-0.418C14.751,3.01,14.444,3,12,3L12,3z M12,7.378 c-2.552,0-4.622,2.069-4.622,4.622S9.448,16.622,12,16.622s4.622-2.069,4.622-4.622S14.552,7.378,12,7.378z M12,15 c-1.657,0-3-1.343-3-3s1.343-3,3-3s3,1.343,3,3S13.657,15,12,15z M16.804,6.116c-0.596,0-1.08,0.484-1.08,1.08 s0.484,1.08,1.08,1.08c0.596,0,1.08-0.484,1.08-1.08S17.401,6.116,16.804,6.116z\"><\/path><\/svg><span class=\"wp-block-social-link-label screen-reader-text\">Instagram<\/span><\/a><\/li><\/ul>\n\n\n\n<figure class=\"wp-block-image size-full is-resized\"><img loading=\"lazy\" decoding=\"async\" width=\"673\" height=\"426\" src=\"https:\/\/nordicdesign.fi\/wp-content\/uploads\/2023\/05\/Suomalaista_palvelua_su_ru_blue_rgb-2.png\" alt=\"\" class=\"wp-image-1575\" style=\"width:167px;height:105px\" srcset=\"https:\/\/nordicdesign.fi\/wp-content\/uploads\/2023\/05\/Suomalaista_palvelua_su_ru_blue_rgb-2.png 673w, https:\/\/nordicdesign.fi\/wp-content\/uploads\/2023\/05\/Suomalaista_palvelua_su_ru_blue_rgb-2-300x190.png 300w, https:\/\/nordicdesign.fi\/wp-content\/uploads\/2023\/05\/Suomalaista_palvelua_su_ru_blue_rgb-2-600x380.png 600w\" sizes=\"auto, (max-width: 673px) 100vw, 673px\" \/><\/figure>\n","protected":false},"excerpt":{"rendered":"<p>ND Nordic Design on suomalainen yritys, mik\u00e4 on alkujaan perustettu innostuksesta pohjoismaista, kaunista ja modernia designia kohtaan. Ajatus perustaa yritys syntyi asuessamme G\u00f6teborgissa Ruotsissa. Vuonna 2016 k\u00e4vimme paikallisessa pientuottajien myyntitapahtumassa, \u00c0 la London Designmarknad, G\u00f6teborgin Haga-nimisess\u00e4 kaupunginosassa. Tapahtumassa oli paljon erilaisia pienten toimijoiden tuotteita esill\u00e4 ja ostettavissa kuten tauluja, koruja, sisustustuotteita ja k\u00e4sit\u00f6it\u00e4. Huomio kiinnittyi &#8230; <a title=\"YRITYKSEST\u00c4\" class=\"read-more\" href=\"https:\/\/nordicdesign.fi\/?page_id=42\" aria-label=\"Read more about YRITYKSEST\u00c4\">Read more<\/a><\/p>\n","protected":false},"author":2,"featured_media":0,"parent":0,"menu_order":0,"comment_status":"closed","ping_status":"closed","template":"","meta":{"footnotes":""},"class_list":["post-42","page","type-page","status-publish"],"_links":{"self":[{"href":"https:\/\/nordicdesign.fi\/index.php?rest_route=\/wp\/v2\/pages\/42","targetHints":{"allow":["GET"]}}],"collection":[{"href":"https:\/\/nordicdesign.fi\/index.php?rest_route=\/wp\/v2\/pages"}],"about":[{"href":"https:\/\/nordicdesign.fi\/index.php?rest_route=\/wp\/v2\/types\/page"}],"author":[{"embeddable":true,"href":"https:\/\/nordicdesign.fi\/index.php?rest_route=\/wp\/v2\/users\/2"}],"replies":[{"embeddable":true,"href":"https:\/\/nordicdesign.fi\/index.php?rest_route=%2Fwp%2Fv2%2Fcomments&post=42"}],"version-history":[{"count":43,"href":"https:\/\/nordicdesign.fi\/index.php?rest_route=\/wp\/v2\/pages\/42\/revisions"}],"predecessor-version":[{"id":1764,"href":"https:\/\/nordicdesign.fi\/index.php?rest_route=\/wp\/v2\/pages\/42\/revisions\/1764"}],"wp:attachment":[{"href":"https:\/\/nordicdesign.fi\/index.php?rest_route=%2Fwp%2Fv2%2Fmedia&parent=42"}],"curies":[{"name":"wp","href":"https:\/\/api.w.org\/{rel}","templated":true}]}}