{"id":44,"date":"2021-04-05T11:43:12","date_gmt":"2021-04-05T11:43:12","guid":{"rendered":"https:\/\/nordicdesign.fi\/?page_id=44"},"modified":"2025-11-01T17:01:29","modified_gmt":"2025-11-01T15:01:29","slug":"yhteistyokumppanit","status":"publish","type":"page","link":"https:\/\/nordicdesign.fi\/?page_id=44","title":{"rendered":"NORDIC DESIGN KORTIT"},"content":{"rendered":"\n<p>Laaja valikoima kauniita ja erilaisia onnittelukortteja tekstill\u00e4 sek\u00e4 ilman teksti\u00e4.<\/p>\n\n\n\n<p>Kaikki kortit ovat kaksiosaisia ja sen sis\u00e4osa on j\u00e4tetty tyhj\u00e4ksi omaa teksti\u00e4&nbsp;varten. Kortit sis\u00e4lt\u00e4v\u00e4t kirjekuoren ja ne on yksitt\u00e4ispakattu sellofaanipussiin, koko 12 x 17cm.<\/p>\n\n\n\n<p><strong><a href=\"https:\/\/nordicdesign.fi\/wp-content\/uploads\/2025\/06\/ND-Nordic-Design-kesa-2025.pdf\" target=\"_blank\" rel=\"noreferrer noopener\">ND Nordic Design oma korttisarja<\/a><\/strong><a href=\"https:\/\/nordicdesign.fi\/wp-content\/uploads\/2024\/10\/ND-NORDIC-DESIGN-UUSI-2024.pdf\" target=\"_blank\" rel=\"noreferrer noopener\"> <\/a>on suunniteltu, painettu ja pakattu Suomessa, korttisarjalla on Avainlippu-merkki.<\/p>\n\n\n\n<figure class=\"wp-block-image size-large is-resized\"><img loading=\"lazy\" decoding=\"async\" width=\"1024\" height=\"728\" src=\"https:\/\/nordicdesign.fi\/wp-content\/uploads\/2023\/01\/TehtySuomMadeIn_Sin_rgb-3-1024x728.jpg\" alt=\"\" class=\"wp-image-1460\" style=\"width:124px;height:88px\" srcset=\"https:\/\/nordicdesign.fi\/wp-content\/uploads\/2023\/01\/TehtySuomMadeIn_Sin_rgb-3-1024x728.jpg 1024w, https:\/\/nordicdesign.fi\/wp-content\/uploads\/2023\/01\/TehtySuomMadeIn_Sin_rgb-3-300x213.jpg 300w, https:\/\/nordicdesign.fi\/wp-content\/uploads\/2023\/01\/TehtySuomMadeIn_Sin_rgb-3-768x546.jpg 768w, https:\/\/nordicdesign.fi\/wp-content\/uploads\/2023\/01\/TehtySuomMadeIn_Sin_rgb-3-1536x1092.jpg 1536w, https:\/\/nordicdesign.fi\/wp-content\/uploads\/2023\/01\/TehtySuomMadeIn_Sin_rgb-3-2048x1456.jpg 2048w, https:\/\/nordicdesign.fi\/wp-content\/uploads\/2023\/01\/TehtySuomMadeIn_Sin_rgb-3-600x427.jpg 600w\" sizes=\"auto, (max-width: 1024px) 100vw, 1024px\" \/><\/figure>\n\n\n\n<p><\/p>\n\n\n\n<p>Jos haluat kattavan korttiesitteen tai olet kiinnostunut korttien j\u00e4lleenmyynnist\u00e4 niin laita viesti\u00e4 info@nordicdesign.fi ja olemme sinuun yhteydess\u00e4!<\/p>\n\n\n\n<p><strong>ESITTEET<\/strong><\/p>\n\n\n\n<div class=\"wp-block-file\"><a id=\"wp-block-file--media-349c06b9-d45d-457a-b670-707017ec7949\" href=\"https:\/\/nordicdesign.fi\/wp-content\/uploads\/2025\/06\/ND-Nordic-Design-kesa-2025.pdf\" target=\"_blank\" rel=\"noreferrer noopener\"><strong>ND Nordic Design <\/strong><\/a><a href=\"https:\/\/nordicdesign.fi\/wp-content\/uploads\/2025\/06\/ND-Nordic-Design-kesa-2025.pdf\" class=\"wp-block-file__button wp-element-button\" download aria-describedby=\"wp-block-file--media-349c06b9-d45d-457a-b670-707017ec7949\">Download<\/a><\/div>\n\n\n\n<p><\/p>\n\n\n\n<p><strong>NORDIC DESIGN KORTEILLE TEHTY TELINE<\/strong><\/p>\n\n\n\n<p>Korteille on saatavilla tyylik\u00e4s ja k\u00e4yt\u00e4nn\u00f6llinen puinen korttiteline myyntitiskille tai ty\u00f6p\u00f6yd\u00e4lle. Kuusi korttipaikkaa, joissa kortit pysyv\u00e4t selke\u00e4sti esill\u00e4 ja helposti saatavilla. Valmistettu vastuullisesti Suomessa. Yhteisty\u00f6ss\u00e4 Olen loistava \/ Koevu Collection Oy.<\/p>\n\n\n\n<p>Lis\u00e4tiedot ja korttitelineen tilauksen voi tehd\u00e4 <a href=\"https:\/\/www.olenloistava.fi\/nordic-design\/\" target=\"_blank\" rel=\"noreferrer noopener\"><strong>t\u00e4st\u00e4 linkist\u00e4.<\/strong><\/a><br><br><strong>Yhteystiedot<\/strong><br><a href=\"https:\/\/www.olenloistava.fi\/nordic-design\/\" target=\"_blank\" rel=\"noreferrer noopener\">www.olenloistava.fi\/nordic-design<\/a><br>asiakaspalvelu@olenloistava.fi<br>www.olenloistava.fi<\/p>\n\n\n\n<figure class=\"wp-block-image size-large\"><a href=\"https:\/\/www.olenloistava.fi\/nordic-design\/\" target=\"_blank\" rel=\" noreferrer noopener\"><img loading=\"lazy\" decoding=\"async\" width=\"1024\" height=\"602\" src=\"https:\/\/nordicdesign.fi\/wp-content\/uploads\/2025\/11\/Korttiteline-07-1024x602.jpg\" alt=\"\" class=\"wp-image-1772\" srcset=\"https:\/\/nordicdesign.fi\/wp-content\/uploads\/2025\/11\/Korttiteline-07-1024x602.jpg 1024w, https:\/\/nordicdesign.fi\/wp-content\/uploads\/2025\/11\/Korttiteline-07-300x176.jpg 300w, https:\/\/nordicdesign.fi\/wp-content\/uploads\/2025\/11\/Korttiteline-07-768x452.jpg 768w, https:\/\/nordicdesign.fi\/wp-content\/uploads\/2025\/11\/Korttiteline-07-600x353.jpg 600w, https:\/\/nordicdesign.fi\/wp-content\/uploads\/2025\/11\/Korttiteline-07.jpg 1194w\" sizes=\"auto, (max-width: 1024px) 100vw, 1024px\" \/><\/a><\/figure>\n\n\n\n<figure class=\"wp-block-gallery has-nested-images columns-default is-cropped wp-block-gallery-1 is-layout-flex wp-block-gallery-is-layout-flex\">\n<figure class=\"wp-block-image size-large is-style-default\"><img loading=\"lazy\" decoding=\"async\" width=\"1024\" height=\"726\" data-id=\"1739\" src=\"https:\/\/nordicdesign.fi\/wp-content\/uploads\/2024\/11\/1000026234-1024x726.jpg\" alt=\"\" class=\"wp-image-1739\" srcset=\"https:\/\/nordicdesign.fi\/wp-content\/uploads\/2024\/11\/1000026234-1024x726.jpg 1024w, https:\/\/nordicdesign.fi\/wp-content\/uploads\/2024\/11\/1000026234-300x213.jpg 300w, https:\/\/nordicdesign.fi\/wp-content\/uploads\/2024\/11\/1000026234-768x545.jpg 768w, https:\/\/nordicdesign.fi\/wp-content\/uploads\/2024\/11\/1000026234-1536x1090.jpg 1536w, https:\/\/nordicdesign.fi\/wp-content\/uploads\/2024\/11\/1000026234-600x426.jpg 600w, https:\/\/nordicdesign.fi\/wp-content\/uploads\/2024\/11\/1000026234.jpg 1600w\" sizes=\"auto, (max-width: 1024px) 100vw, 1024px\" \/><\/figure>\n\n\n\n<figure class=\"wp-block-image size-large is-style-default\"><img loading=\"lazy\" decoding=\"async\" width=\"1024\" height=\"726\" data-id=\"1736\" src=\"https:\/\/nordicdesign.fi\/wp-content\/uploads\/2024\/11\/1000026566-1024x726.jpg\" alt=\"\" class=\"wp-image-1736\" srcset=\"https:\/\/nordicdesign.fi\/wp-content\/uploads\/2024\/11\/1000026566-1024x726.jpg 1024w, https:\/\/nordicdesign.fi\/wp-content\/uploads\/2024\/11\/1000026566-300x213.jpg 300w, https:\/\/nordicdesign.fi\/wp-content\/uploads\/2024\/11\/1000026566-768x545.jpg 768w, https:\/\/nordicdesign.fi\/wp-content\/uploads\/2024\/11\/1000026566-1536x1090.jpg 1536w, https:\/\/nordicdesign.fi\/wp-content\/uploads\/2024\/11\/1000026566-600x426.jpg 600w, https:\/\/nordicdesign.fi\/wp-content\/uploads\/2024\/11\/1000026566.jpg 1600w\" sizes=\"auto, (max-width: 1024px) 100vw, 1024px\" \/><\/figure>\n\n\n\n<figure class=\"wp-block-image size-full is-style-default\"><img loading=\"lazy\" decoding=\"async\" width=\"1129\" height=\"1600\" data-id=\"1738\" src=\"https:\/\/nordicdesign.fi\/wp-content\/uploads\/2024\/11\/1000026844.jpg\" alt=\"\" class=\"wp-image-1738\" srcset=\"https:\/\/nordicdesign.fi\/wp-content\/uploads\/2024\/11\/1000026844.jpg 1129w, https:\/\/nordicdesign.fi\/wp-content\/uploads\/2024\/11\/1000026844-212x300.jpg 212w, https:\/\/nordicdesign.fi\/wp-content\/uploads\/2024\/11\/1000026844-723x1024.jpg 723w, https:\/\/nordicdesign.fi\/wp-content\/uploads\/2024\/11\/1000026844-768x1088.jpg 768w, https:\/\/nordicdesign.fi\/wp-content\/uploads\/2024\/11\/1000026844-1084x1536.jpg 1084w, https:\/\/nordicdesign.fi\/wp-content\/uploads\/2024\/11\/1000026844-600x850.jpg 600w\" sizes=\"auto, (max-width: 1129px) 100vw, 1129px\" \/><\/figure>\n\n\n\n<figure class=\"wp-block-image size-large is-style-default\"><img loading=\"lazy\" decoding=\"async\" width=\"1024\" height=\"726\" data-id=\"1405\" src=\"https:\/\/nordicdesign.fi\/wp-content\/uploads\/2022\/11\/26_20221110_121948_0002-1024x726.png\" alt=\"\" class=\"wp-image-1405\" srcset=\"https:\/\/nordicdesign.fi\/wp-content\/uploads\/2022\/11\/26_20221110_121948_0002-1024x726.png 1024w, https:\/\/nordicdesign.fi\/wp-content\/uploads\/2022\/11\/26_20221110_121948_0002-300x213.png 300w, https:\/\/nordicdesign.fi\/wp-content\/uploads\/2022\/11\/26_20221110_121948_0002-768x545.png 768w, https:\/\/nordicdesign.fi\/wp-content\/uploads\/2022\/11\/26_20221110_121948_0002-1536x1090.png 1536w, https:\/\/nordicdesign.fi\/wp-content\/uploads\/2022\/11\/26_20221110_121948_0002-600x426.png 600w, https:\/\/nordicdesign.fi\/wp-content\/uploads\/2022\/11\/26_20221110_121948_0002.png 1748w\" sizes=\"auto, (max-width: 1024px) 100vw, 1024px\" \/><\/figure>\n\n\n\n<figure class=\"wp-block-image size-large is-style-default\"><img loading=\"lazy\" decoding=\"async\" width=\"973\" height=\"1024\" data-id=\"1015\" src=\"https:\/\/nordicdesign.fi\/wp-content\/uploads\/2022\/08\/Rovaniemi26032022-973x1024.jpg\" alt=\"\" class=\"wp-image-1015\" srcset=\"https:\/\/nordicdesign.fi\/wp-content\/uploads\/2022\/08\/Rovaniemi26032022-973x1024.jpg 973w, https:\/\/nordicdesign.fi\/wp-content\/uploads\/2022\/08\/Rovaniemi26032022-285x300.jpg 285w, https:\/\/nordicdesign.fi\/wp-content\/uploads\/2022\/08\/Rovaniemi26032022-768x809.jpg 768w, https:\/\/nordicdesign.fi\/wp-content\/uploads\/2022\/08\/Rovaniemi26032022-1459x1536.jpg 1459w, https:\/\/nordicdesign.fi\/wp-content\/uploads\/2022\/08\/Rovaniemi26032022-1945x2048.jpg 1945w\" sizes=\"auto, (max-width: 973px) 100vw, 973px\" \/><\/figure>\n\n\n\n<figure class=\"wp-block-image size-large is-style-default\"><img loading=\"lazy\" decoding=\"async\" width=\"1024\" height=\"960\" data-id=\"763\" src=\"https:\/\/nordicdesign.fi\/wp-content\/uploads\/2022\/05\/IMG-20220504-WA0000-2-1024x960.jpg\" alt=\"\" class=\"wp-image-763\" srcset=\"https:\/\/nordicdesign.fi\/wp-content\/uploads\/2022\/05\/IMG-20220504-WA0000-2-1024x960.jpg 1024w, https:\/\/nordicdesign.fi\/wp-content\/uploads\/2022\/05\/IMG-20220504-WA0000-2-300x281.jpg 300w, https:\/\/nordicdesign.fi\/wp-content\/uploads\/2022\/05\/IMG-20220504-WA0000-2-768x720.jpg 768w, https:\/\/nordicdesign.fi\/wp-content\/uploads\/2022\/05\/IMG-20220504-WA0000-2-1536x1439.jpg 1536w, https:\/\/nordicdesign.fi\/wp-content\/uploads\/2022\/05\/IMG-20220504-WA0000-2.jpg 2048w\" sizes=\"auto, (max-width: 1024px) 100vw, 1024px\" \/><\/figure>\n\n\n\n<figure class=\"wp-block-image size-large is-style-default\"><img loading=\"lazy\" decoding=\"async\" width=\"728\" height=\"1024\" data-id=\"1527\" src=\"https:\/\/nordicdesign.fi\/wp-content\/uploads\/2023\/03\/20220513_132522-728x1024.jpg\" alt=\"\" class=\"wp-image-1527\" srcset=\"https:\/\/nordicdesign.fi\/wp-content\/uploads\/2023\/03\/20220513_132522-728x1024.jpg 728w, https:\/\/nordicdesign.fi\/wp-content\/uploads\/2023\/03\/20220513_132522-213x300.jpg 213w, https:\/\/nordicdesign.fi\/wp-content\/uploads\/2023\/03\/20220513_132522-768x1081.jpg 768w, https:\/\/nordicdesign.fi\/wp-content\/uploads\/2023\/03\/20220513_132522-1092x1536.jpg 1092w, https:\/\/nordicdesign.fi\/wp-content\/uploads\/2023\/03\/20220513_132522-1455x2048.jpg 1455w, https:\/\/nordicdesign.fi\/wp-content\/uploads\/2023\/03\/20220513_132522-600x844.jpg 600w, https:\/\/nordicdesign.fi\/wp-content\/uploads\/2023\/03\/20220513_132522-scaled.jpg 1819w\" sizes=\"auto, (max-width: 728px) 100vw, 728px\" \/><\/figure>\n\n\n\n<figure class=\"wp-block-image size-large is-style-default\"><img loading=\"lazy\" decoding=\"async\" width=\"1024\" height=\"726\" data-id=\"1595\" src=\"https:\/\/nordicdesign.fi\/wp-content\/uploads\/2023\/08\/20230814_151358_0002-1024x726.png\" alt=\"\" class=\"wp-image-1595\" srcset=\"https:\/\/nordicdesign.fi\/wp-content\/uploads\/2023\/08\/20230814_151358_0002-1024x726.png 1024w, https:\/\/nordicdesign.fi\/wp-content\/uploads\/2023\/08\/20230814_151358_0002-300x213.png 300w, https:\/\/nordicdesign.fi\/wp-content\/uploads\/2023\/08\/20230814_151358_0002-768x545.png 768w, https:\/\/nordicdesign.fi\/wp-content\/uploads\/2023\/08\/20230814_151358_0002-1536x1090.png 1536w, https:\/\/nordicdesign.fi\/wp-content\/uploads\/2023\/08\/20230814_151358_0002-600x426.png 600w, https:\/\/nordicdesign.fi\/wp-content\/uploads\/2023\/08\/20230814_151358_0002.png 1748w\" sizes=\"auto, (max-width: 1024px) 100vw, 1024px\" \/><\/figure>\n\n\n\n<figure class=\"wp-block-image size-large is-style-default\"><img loading=\"lazy\" decoding=\"async\" width=\"1024\" height=\"726\" data-id=\"1592\" src=\"https:\/\/nordicdesign.fi\/wp-content\/uploads\/2023\/08\/20230814_151358_0000-1024x726.png\" alt=\"\" class=\"wp-image-1592\" srcset=\"https:\/\/nordicdesign.fi\/wp-content\/uploads\/2023\/08\/20230814_151358_0000-1024x726.png 1024w, https:\/\/nordicdesign.fi\/wp-content\/uploads\/2023\/08\/20230814_151358_0000-300x213.png 300w, https:\/\/nordicdesign.fi\/wp-content\/uploads\/2023\/08\/20230814_151358_0000-768x545.png 768w, https:\/\/nordicdesign.fi\/wp-content\/uploads\/2023\/08\/20230814_151358_0000-1536x1090.png 1536w, https:\/\/nordicdesign.fi\/wp-content\/uploads\/2023\/08\/20230814_151358_0000-600x426.png 600w, https:\/\/nordicdesign.fi\/wp-content\/uploads\/2023\/08\/20230814_151358_0000.png 1748w\" sizes=\"auto, (max-width: 1024px) 100vw, 1024px\" \/><\/figure>\n<\/figure>\n\n\n\n<figure class=\"wp-block-gallery has-nested-images columns-default is-cropped wp-block-gallery-2 is-layout-flex wp-block-gallery-is-layout-flex\">\n<figure class=\"wp-block-image size-large is-style-default\"><img loading=\"lazy\" decoding=\"async\" width=\"1024\" height=\"726\" data-id=\"1733\" src=\"https:\/\/nordicdesign.fi\/wp-content\/uploads\/2024\/11\/1000020573-1024x726.jpg\" alt=\"\" class=\"wp-image-1733\" srcset=\"https:\/\/nordicdesign.fi\/wp-content\/uploads\/2024\/11\/1000020573-1024x726.jpg 1024w, https:\/\/nordicdesign.fi\/wp-content\/uploads\/2024\/11\/1000020573-300x213.jpg 300w, https:\/\/nordicdesign.fi\/wp-content\/uploads\/2024\/11\/1000020573-768x545.jpg 768w, https:\/\/nordicdesign.fi\/wp-content\/uploads\/2024\/11\/1000020573-1536x1090.jpg 1536w, https:\/\/nordicdesign.fi\/wp-content\/uploads\/2024\/11\/1000020573-600x426.jpg 600w, https:\/\/nordicdesign.fi\/wp-content\/uploads\/2024\/11\/1000020573.jpg 1600w\" sizes=\"auto, (max-width: 1024px) 100vw, 1024px\" \/><\/figure>\n<\/figure>\n\n\n\n<figure class=\"wp-block-image size-large is-resized\"><img loading=\"lazy\" decoding=\"async\" width=\"1024\" height=\"726\" src=\"https:\/\/nordicdesign.fi\/wp-content\/uploads\/2024\/11\/1000025419-1024x726.jpg\" alt=\"\" class=\"wp-image-1735\" style=\"width:993px;height:auto\" srcset=\"https:\/\/nordicdesign.fi\/wp-content\/uploads\/2024\/11\/1000025419-1024x726.jpg 1024w, https:\/\/nordicdesign.fi\/wp-content\/uploads\/2024\/11\/1000025419-300x213.jpg 300w, https:\/\/nordicdesign.fi\/wp-content\/uploads\/2024\/11\/1000025419-768x545.jpg 768w, https:\/\/nordicdesign.fi\/wp-content\/uploads\/2024\/11\/1000025419-1536x1090.jpg 1536w, https:\/\/nordicdesign.fi\/wp-content\/uploads\/2024\/11\/1000025419-600x426.jpg 600w, https:\/\/nordicdesign.fi\/wp-content\/uploads\/2024\/11\/1000025419.jpg 1600w\" sizes=\"auto, (max-width: 1024px) 100vw, 1024px\" \/><\/figure>\n\n\n\n<figure class=\"wp-block-image size-large\"><img loading=\"lazy\" decoding=\"async\" width=\"768\" height=\"1024\" src=\"https:\/\/nordicdesign.fi\/wp-content\/uploads\/2024\/11\/1000019384-768x1024.jpg\" alt=\"\" class=\"wp-image-1742\" srcset=\"https:\/\/nordicdesign.fi\/wp-content\/uploads\/2024\/11\/1000019384-768x1024.jpg 768w, https:\/\/nordicdesign.fi\/wp-content\/uploads\/2024\/11\/1000019384-225x300.jpg 225w, https:\/\/nordicdesign.fi\/wp-content\/uploads\/2024\/11\/1000019384-1152x1536.jpg 1152w, https:\/\/nordicdesign.fi\/wp-content\/uploads\/2024\/11\/1000019384-1536x2048.jpg 1536w, https:\/\/nordicdesign.fi\/wp-content\/uploads\/2024\/11\/1000019384-600x800.jpg 600w, https:\/\/nordicdesign.fi\/wp-content\/uploads\/2024\/11\/1000019384-scaled.jpg 1920w\" sizes=\"auto, (max-width: 768px) 100vw, 768px\" \/><\/figure>\n\n\n\n<figure class=\"wp-block-image size-large is-style-default\"><img loading=\"lazy\" decoding=\"async\" width=\"768\" height=\"1024\" src=\"https:\/\/nordicdesign.fi\/wp-content\/uploads\/2024\/11\/1000016507-768x1024.jpg\" alt=\"\" class=\"wp-image-1740\" srcset=\"https:\/\/nordicdesign.fi\/wp-content\/uploads\/2024\/11\/1000016507-768x1024.jpg 768w, https:\/\/nordicdesign.fi\/wp-content\/uploads\/2024\/11\/1000016507-225x300.jpg 225w, https:\/\/nordicdesign.fi\/wp-content\/uploads\/2024\/11\/1000016507-1152x1536.jpg 1152w, https:\/\/nordicdesign.fi\/wp-content\/uploads\/2024\/11\/1000016507-1536x2048.jpg 1536w, https:\/\/nordicdesign.fi\/wp-content\/uploads\/2024\/11\/1000016507-600x800.jpg 600w, https:\/\/nordicdesign.fi\/wp-content\/uploads\/2024\/11\/1000016507-scaled.jpg 1920w\" sizes=\"auto, (max-width: 768px) 100vw, 768px\" \/><\/figure>\n\n\n\n<p><\/p>\n\n\n\n<figure class=\"wp-block-image size-large\"><img loading=\"lazy\" decoding=\"async\" width=\"768\" height=\"1024\" src=\"https:\/\/nordicdesign.fi\/wp-content\/uploads\/2024\/11\/1000026540-768x1024.jpg\" alt=\"\" class=\"wp-image-1741\" srcset=\"https:\/\/nordicdesign.fi\/wp-content\/uploads\/2024\/11\/1000026540-768x1024.jpg 768w, https:\/\/nordicdesign.fi\/wp-content\/uploads\/2024\/11\/1000026540-225x300.jpg 225w, https:\/\/nordicdesign.fi\/wp-content\/uploads\/2024\/11\/1000026540-1152x1536.jpg 1152w, https:\/\/nordicdesign.fi\/wp-content\/uploads\/2024\/11\/1000026540-1536x2048.jpg 1536w, https:\/\/nordicdesign.fi\/wp-content\/uploads\/2024\/11\/1000026540-600x800.jpg 600w, https:\/\/nordicdesign.fi\/wp-content\/uploads\/2024\/11\/1000026540-scaled.jpg 1920w\" sizes=\"auto, (max-width: 768px) 100vw, 768px\" \/><\/figure>\n\n\n\n<p><\/p>\n\n\n\n<figure class=\"wp-block-image size-large\"><img loading=\"lazy\" decoding=\"async\" width=\"1024\" height=\"1024\" src=\"https:\/\/nordicdesign.fi\/wp-content\/uploads\/2023\/03\/IMG-20230224-WA0005-1024x1024.jpg\" alt=\"\" class=\"wp-image-1514\" srcset=\"https:\/\/nordicdesign.fi\/wp-content\/uploads\/2023\/03\/IMG-20230224-WA0005-1024x1024.jpg 1024w, https:\/\/nordicdesign.fi\/wp-content\/uploads\/2023\/03\/IMG-20230224-WA0005-300x300.jpg 300w, https:\/\/nordicdesign.fi\/wp-content\/uploads\/2023\/03\/IMG-20230224-WA0005-150x150.jpg 150w, https:\/\/nordicdesign.fi\/wp-content\/uploads\/2023\/03\/IMG-20230224-WA0005-768x768.jpg 768w, https:\/\/nordicdesign.fi\/wp-content\/uploads\/2023\/03\/IMG-20230224-WA0005-600x600.jpg 600w, https:\/\/nordicdesign.fi\/wp-content\/uploads\/2023\/03\/IMG-20230224-WA0005-100x100.jpg 100w, https:\/\/nordicdesign.fi\/wp-content\/uploads\/2023\/03\/IMG-20230224-WA0005.jpg 1080w\" sizes=\"auto, (max-width: 1024px) 100vw, 1024px\" \/><\/figure>\n","protected":false},"excerpt":{"rendered":"<p>Laaja valikoima kauniita ja erilaisia onnittelukortteja tekstill\u00e4 sek\u00e4 ilman teksti\u00e4. Kaikki kortit ovat kaksiosaisia ja sen sis\u00e4osa on j\u00e4tetty tyhj\u00e4ksi omaa teksti\u00e4&nbsp;varten. Kortit sis\u00e4lt\u00e4v\u00e4t kirjekuoren ja ne on yksitt\u00e4ispakattu sellofaanipussiin, koko 12 x 17cm. ND Nordic Design oma korttisarja on suunniteltu, painettu ja pakattu Suomessa, korttisarjalla on Avainlippu-merkki. Jos haluat kattavan korttiesitteen tai olet kiinnostunut &#8230; <a title=\"NORDIC DESIGN KORTIT\" class=\"read-more\" href=\"https:\/\/nordicdesign.fi\/?page_id=44\" aria-label=\"Read more about NORDIC DESIGN KORTIT\">Read more<\/a><\/p>\n","protected":false},"author":2,"featured_media":0,"parent":0,"menu_order":0,"comment_status":"closed","ping_status":"closed","template":"","meta":{"footnotes":""},"class_list":["post-44","page","type-page","status-publish"],"_links":{"self":[{"href":"https:\/\/nordicdesign.fi\/index.php?rest_route=\/wp\/v2\/pages\/44","targetHints":{"allow":["GET"]}}],"collection":[{"href":"https:\/\/nordicdesign.fi\/index.php?rest_route=\/wp\/v2\/pages"}],"about":[{"href":"https:\/\/nordicdesign.fi\/index.php?rest_route=\/wp\/v2\/types\/page"}],"author":[{"embeddable":true,"href":"https:\/\/nordicdesign.fi\/index.php?rest_route=\/wp\/v2\/users\/2"}],"replies":[{"embeddable":true,"href":"https:\/\/nordicdesign.fi\/index.php?rest_route=%2Fwp%2Fv2%2Fcomments&post=44"}],"version-history":[{"count":138,"href":"https:\/\/nordicdesign.fi\/index.php?rest_route=\/wp\/v2\/pages\/44\/revisions"}],"predecessor-version":[{"id":1808,"href":"https:\/\/nordicdesign.fi\/index.php?rest_route=\/wp\/v2\/pages\/44\/revisions\/1808"}],"wp:attachment":[{"href":"https:\/\/nordicdesign.fi\/index.php?rest_route=%2Fwp%2Fv2%2Fmedia&parent=44"}],"curies":[{"name":"wp","href":"https:\/\/api.w.org\/{rel}","templated":true}]}}